 = p - 23. Suppose x*b = 4*b + 5. Calculate the highest common divisor of b and 55.
5
Let f be (34/(-8))/(51/(-12036)). What is the greatest common divisor of f and 17?
17
Let p be 66*(-1)/2*-2. Calculate the greatest common divisor of 48 and p.
6
Suppose -5*l + 35 = -5*o, -3*l = -0*l + o - 1. Calculate the highest common divisor of l and 18.
2
Suppose 15*j = 14*j + 3*y + 45, 3*j - 5*y = 143. What is the highest common factor of j and 136?
17
Let w = 22 - 17. Let t be 3/(6/w)*-6. Let d be (-12)/(-2) - t/5. What is the greatest common divisor of d and 99?
9
Let s be 0/(7/((-28)/(-8))). Suppose 4*w + y - 97 = s, 58 = 5*w - y - 61. What is the highest common factor of 60 and w?
12
Let z = 45 - 85. Let s be (-4)/(-6) - z/3. Let v be s/3 - (-3)/9. Calculate the highest common factor of 45 and v.
5
Let k = -2232 + 2271. Calculate the highest common divisor of 1703 and k.
13
Suppose 4*n = 5*u + 45, -n + 2*u + 0 = -12. Let p be 4/n + 492/(-30). Let m = p + 17. What is the highest common divisor of 9 and m?
1
Suppose 10*z - 53 = -3. Suppose -86 = z*m - 211. What is the greatest common divisor of 10 and m?
5
Let t = 21 + 11. Let h = 595 + -591. What is the highest common factor of h and t?
4
Let z(l) = -l. Let w be z(-5). Let t(c) = 21*c - c - c**3 + 11*c**2 + 2 + 7*c. Let x be t(13). What is the greatest common divisor of w and x?
5
Let i be -1 - (-2 + 2 + 0). Let g be 13 - ((1 - 0) + i). Suppose -40*l + 4*l + 34*l + 26 = 0. Calculate the highest common divisor of g and l.
13
Let p(l) = -l**3 + 8*l**2 + 2*l. Let j be p(7). Let z = -232 - -253. What is the greatest common divisor of j and z?
21
Let g = 45 + -140. Let n = 565 - g. Suppose 0 = -3*l - 2*t + 376, t - n = -5*l + 6*t. What is the highest common factor of 16 and l?
16
Let q = -1 + 38. Suppose 0*f - 57 = -2*f - 5*n, -2*f + q = n. Calculate the highest common factor of 12 and f.
4
Let m = -825 - -844. What is the highest common divisor of m and 893?
19
Let h(q) = -q**3 + 10*q**2 + 10*q + 16. Let c = -5 - -16. Let m be h(c). Suppose -178 = -m*k + 17. Calculate the greatest common factor of k and 26.
13
Let n = 5 + 0. Let q = -322 - -377. Calculate the highest common factor of q and n.
5
Let j = 2414 - 1207. What is the highest common divisor of 71 and j?
71
Let d(h) = -h + 7. Suppose 5*q + 63 = 18. Let c = q - -4. Let z be d(c). What is the highest common factor of 24 and z?
12
Let w be (-425)/(-5)*(3 + -6)/(-3). Let y = 117 + -49. Suppose -3*i + y = -i. What is the greatest common divisor of i and w?
17
Let s(g) = 3*g**2 + 27*g + 6. Let l be s(-12). Suppose 3*b - 4*b + 4*i + 108 = 0, -2*i + l = b. Calculate the greatest common factor of b and 16.
16
Let f be (4 - 5 - (-2 + 57))/(-2). Calculate the highest common divisor of 1988 and f.
28
Let g be 12/(-15)*(4 + -9). Calculate the highest common factor of 6 and g.
2
Let i be (-14223)/(-27) + (-74)/(-333). What is the highest common divisor of 62 and i?
31
Suppose -5*t + 156 = -r - 177, t - 75 = -4*r. Let d = t - 57. What is the greatest common divisor of 15 and d?
5
Let t = -388 - -827. Suppose 425 = 6*r - t. Suppose 8 = -n + 24. Calculate the highest common factor of r and n.
16
Let i(h) = h**3 - 4*h**2 - 5*h + 12. Let g be i(5). Let x be (-155 + 1)*24/(-28). What is the highest common factor of g and x?
12
Let q(v) = -v**2 + 4*v + 6. Let x be q(5). Suppose -2*t - 70 = 3*t. Let o be (-100)/t + (-6)/42. What is the highest common factor of x and o?
1
Suppose 1955 = 5*k + 5*j, 2 = 2*j - 4*j. Calculate the greatest common factor of k and 49.
49
Suppose 0 = -0*k - 2*k + 112. Let h = 25 + -22. Suppose 2*m + h*d = 28, 0 = 4*m - 5*d - 4 - 8. What is the greatest common factor of m and k?
8
Suppose -37*f = -30*f + 49. Let g be (-28)/(-3) + (-2)/(-3). Let n = f + g. What is the highest common divisor of 24 and n?
3
Let v be 30/(-4)*(2 - (-1 - -5)). Calculate the greatest common divisor of 195 and v.
15
Suppose m - 20 = -4*m. Suppose -s + 75 = -m*s. Let v = s + 26. What is the greatest common divisor of v and 7?
1
Let c be ((-2)/(-3))/(2/42). Let r = c - 10. Suppose t + 2*y = 3*y + 80, -2*y - 322 = -r*t. Calculate the greatest common factor of t and 9.
9
Suppose 4*d - 19 = 1. Suppose -181 - 363 = -2*u. Suppose -g = 2*m - 113 + 4, -3*g = 5*m - u. Calculate the highest common divisor of d and m.
5
Let m(x) = x - 3*x + 3*x + 5. Let n be m(-5). Let h = 39 - n. Calculate the greatest common factor of h and 26.
13
Let s(h) = -h**3 - 6*h**2 - 7*h - 5. Suppose 4*a - 2*f + 14 = 0, -2*a - 7*f + 3*f = 22. Let p be s(a). Calculate the greatest common divisor of 1 and p.
1
Let q be 2/2 + 2/1. Let g be (18/(-4))/q*-2. Calculate the greatest common divisor of g and 1.
1
Let s(x) = 111*x + 19. Let b be s(1). What is the greatest common factor of b and 26?
26
Let x(t) = t + 3. Let n be x(0). Let h(r) = 3*r**3 - r**2 + 6*r - 9. Let d be h(n). What is the highest common factor of d and 27?
27
Suppose -83*f - 27 = -86*f. What is the greatest common factor of 153 and f?
9
Let p = 19 - 5. Let a = 45 - 38. Calculate the greatest common divisor of a and p.
7
Suppose 4*y = 3*c + 2, 3*c + 2*y - 18 = -8. What is the highest common divisor of 44 and c?
2
Suppose -y + 4*y - 4*g = 307, -y - g = -107. Suppose z + 3*z = 0, -z + y = 5*i. Calculate the greatest common divisor of 168 and i.
21
Let c(x) = -28*x - 3. Let a be c(-6). Let o be (-12)/(-10)*a/(-22). Let t be 2*(-5)/(10/o). What is the highest common factor of 63 and t?
9
Let p(o) = 5*o - 89. Let a be p(19). Suppose -4*b - q = 46 - 264, 2*b - 2*q = 104. What is the highest common factor of b and a?
6
Suppose -296*d + 282*d + 15680 = 0. Calculate the highest common divisor of 35 and d.
35
Let a(j) = -j**3 - 4*j**2 - 10*j - 6. Let r be a(-6). Suppose -2 = -12*k + 10. Let t be (18/8)/(k/8). Calculate the greatest common divisor of r and t.
18
Let n be (0 + -1)/(5/(-25)). Let y = 33 - 29. Let q be (-230)/(-50) - y/(-10). What is the greatest common divisor of q and n?
5
Suppose 0*y - 264 = 4*y + 4*x, 3*y + 208 = -5*x. Let f = 20 - y. What is the greatest common divisor of f and 9?
9
Let h = 944 + -783. Let t(i) = -2*i**3 - 4*i**2 - i + 2. Let f be t(-3). What is the greatest common divisor of f and h?
23
Let g(l) = 3*l**2 - 4*l - 6. Let r be g(-2). Suppose 4*x + 6 = r. Calculate the highest common divisor of x and 1.
1
Let z(o) = -11*o**2 - 12*o - 36. Let n(i) = -2*i**2 - 2*i - 6. Let u(j) = -34*n(j) + 6*z(j). Let k be u(6). Calculate the highest common factor of k and 12.
12
Let o(l) = -3*l - 21. Let v be o(-9). Calculate the highest common divisor of v and 84.
6
Let k be (-203)/(-42) + (2 - (-44)/(-24)). What is the highest common factor of 5 and k?
5
Let k(s) = -53*s**3 + 3*s**2 + 4*s + 2. Let t be k(-1). What is the greatest common divisor of 810 and t?
54
Suppose 2*d - 183 = -d - 5*q, 4*q + 100 = 2*d. Let u = d + -39. What is the greatest common factor of u and 34?
17
Suppose -7*o = -2*o - 455. Let f = 16 + -17. Let u be (-1)/((f + -1)/26). Calculate the highest common factor of u and o.
13
Let v = 580 - 480. What is the highest common divisor of v and 8?
4
Let g be 3/(-1)*133/(-21). Suppose 0 = 5*i + 2*t - 248 - 126, 3 = -t. Calculate the greatest common divisor of g and i.
19
Let r(u) = -2*u**3 - 13*u**2 - 29*u - 66. Let d be r(-9). What is the highest common divisor of 36 and d?
12
Let s(g) = -g - 2. Let f be s(-7). Let v(k) = 3*k - 11. Let l be v(f). Suppose -92 + 12 = -l*y. What is the greatest common divisor of 30 and y?
10
Let z be 10/(-4) + 19/((-418)/(-715)). What is the greatest common factor of 80 and z?
10
Suppose -4*p + 0*p + c = -77, -2*c + 62 = 4*p. Calculate the highest common divisor of p and 6.
6
Let u be ((-40)/12)/((-6)/9). Calculate the highest common factor of u and 115.
5
Let m(c) = -3*c**2 - 51*c - 33. Let s be m(-16). What is the highest common divisor of s and 8?
1
Suppose 5*y + 189 = -56. Let s = 55 + y. Let z = -8 + 14. Calculate the greatest common divisor of z and s.
6
Let l be (12/(-9))/(21/9 + -3). Let f be 2*(-12)/(l/(-1)). What is the highest common divisor of 132 and f?
12
Let t(r) = r**2 - 12*r + 5. Let y be t(-5). Suppose 4*m - 5*m = -2. Suppose 0 = -p - m, 0*p = j - 2*p - 22. Calculate the highest common factor of j and y.
18
Suppose 0 = -0*z + z - 4. Suppose 0 = -z*v - 264 + 796. Let h(